at are the prime factors of 526?
2, 263
What are the prime factors of 9782?
2, 67, 73
List the prime factors of 11043.
3, 409
What are the prime factors of 54027?
3, 23, 29
What are the prime factors of 7661?
47, 163
What are the prime factors of 33660?
2, 3, 5, 11, 17
List the prime factors of 4089.
3, 29, 47
List the prime factors of 3560.
2, 5, 89
What are the prime factors of 1563?
3, 521
List the prime factors of 1334.
2, 23, 29
What are the prime factors of 22492?
2, 5623
What are the prime factors of 4469?
41, 109
List the prime factors of 28.
2, 7
What are the prime factors of 20196?
2, 3, 11, 17
What are the prime factors of 219?
3, 73
What are the prime factors of 2600?
2, 5, 13
What are the prime factors of 22450?
2, 5, 449
List the prime factors of 3248.
2, 7, 29
What are the prime factors of 28724?
2, 43, 167
What are the prime factors of 4549?
4549
What are the prime factors of 9471?
3, 7, 11, 41
What are the prime factors of 773?
773
List the prime factors of 7042.
2, 7, 503
What are the prime factors of 1215?
3, 5
List the prime factors of 8576.
2, 67
What are the prime factors of 9629?
9629
List the prime factors of 55654.
2, 27827
List the prime factors of 816.
2, 3, 17
List the prime factors of 2899.
13, 223
What are the prime factors of 21271?
89, 239
What are the prime factors of 290?
2, 5, 29
What are the prime factors of 7688?
2, 31
List the prime factors of 2915.
5, 11, 53
List the prime factors of 1039.
1039
What are the prime factors of 163094?
2, 81547
List the prime factors of 62786.
2, 31393
List the prime factors of 427.
7, 61
What are the prime factors of 57685?
5, 83, 139
What are the prime factors of 529?
23
List the prime factors of 149083.
11, 13553
List the prime factors of 74961.
3, 8329
List the prime factors of 8636.
2, 17, 127
What are the prime factors of 22291?
22291
What are the prime factors of 6301?
6301
List the prime factors of 50907.
3, 71, 239
What are the prime factors of 1462?
2, 17, 43
List the prime factors of 2903.
2903
List the prime factors of 8502.
2, 3, 13, 109
List the prime factors of 12859.
7, 11, 167
List the prime factors of 382.
2, 191
What are the prime factors of 4657?
4657
List the prime factors of 35040.
2, 3, 5, 73
What are the prime factors of 60?
2, 3, 5
What are the prime factors of 155?
5, 31
What are the prime factors of 3020?
2, 5, 151
What are the prime factors of 226?
2, 113
List the prime factors of 110031.
3, 36677
List the prime factors of 1873.
1873
What are the prime factors of 13105?
5, 2621
List the prime factors of 47824.
2, 7, 61
What are the prime factors of 107989?
7, 15427
What are the prime factors of 5594?
2, 2797
What are the prime factors of 5443?
5443
List the prime factors of 49875.
3, 5, 7, 19
What are the prime factors of 28352?
2, 443
List the prime factors of 65921.
65921
List the prime factors of 33709.
13, 2593
List the prime factors of 21416.
2, 2677
List the prime factors of 442.
2, 13, 17
What are the prime factors of 46848?
2, 3, 61
List the prime factors of 14089.
73, 193
List the prime factors of 5252.
2, 13, 101
What are the prime factors of 10255?
5, 7, 293
List the prime factors of 22962.
2, 3, 43, 89
What are the prime factors of 1881?
3, 11, 19
What are the prime factors of 90793?
90793
What are the prime factors of 5982?
2, 3, 997
List the prime factors of 1796.
2, 449
List the prime factors of 704.
2, 11
What are the prime factors of 115404?
2, 3, 59, 163
List the prime factors of 3328.
2, 13
List the prime factors of 6501.
3, 11, 197
What are the prime factors of 22361?
59, 379
What are the prime factors of 19555?
5, 3911
What are the prime factors of 769?
769
List the prime factors of 5276.
2, 1319
List the prime factors of 1181.
1181
What are the prime factors of 1051?
1051
List the prime factors of 7885.
5, 19, 83
What are the prime factors of 503?
503
What are the prime factors of 5531?
5531
What are the prime factors of 2266?
2, 11, 103
List the prime factors of 1874.
2, 937
List the prime factors of 9774.
2, 3, 181
List the prime factors of 4635.
3, 5, 103
What are the prime factors of 864?
2, 3
What are the prime factors of 2421?
3, 269
What are the prime factors of 7714?
2, 7, 19, 29
List the prime factors of 29405.
5, 5881
List the prime factors of 3588.
2, 3, 13, 23
What are the prime factors of 167572?
2, 41893
What are the prime factors of 473?
11, 43
What are the prime factors of 52013?
13, 4001
What are the prime factors of 239?
239
List the prime factors of 1599.
3, 13, 41
List the prime factors of 68852.
2, 7, 2459
What are the prime factors of 8200?
2, 5, 41
List the prime factors of 69738.
2, 3, 59, 197
What are the prime factors of 2796?
2, 3, 233
List the prime factors of 4206.
2, 3, 701
List the prime factors of 56446.
2, 13, 167
What are the prime factors of 97427?
11, 17, 521
List the prime factors of 28524.
2, 3, 2377
List the prime factors of 7200.
2, 3, 5
List the prime factors of 4163.
23, 181
List the prime factors of 913.
11, 83
List the prime factors of 7147.
7, 1021
What are the prime factors of 6520?
2, 5, 163
What are the prime factors of 3392?
2, 53
List the prime factors of 2074.
2, 17, 61
List the prime factors of 2113.
2113
What are the prime factors of 9669?
3, 11, 293
List the prime factors of 2503.
2503
What are the prime factors of 114986?
2, 57493
What are the prime factors of 20048?
2, 7, 179
What are the prime factors of 7436?
2, 11, 13
What are the prime factors of 28993?
79, 367
List the prime factors of 10681.
11, 971
What are the prime factors of 32928?
2, 3, 7
What are the prime factors of 80454?
2, 3, 11, 23, 53
List the prime factors of 2232.
2, 3, 31
What are the prime factors of 3095?
5, 619
List the prime factors of 1683.
3, 11, 17
List the prime factors of 49581.
3, 7, 787
List the prime factors of 620.
2, 5, 31
List the prime factors of 599.
599
What are the prime factors of 17777?
29, 613
List the prime factors of 40529.
40529
What are the prime factors of 1842?
2, 3, 307
List the prime factors of 1130.
2, 5, 113
List the prime factors of 4578.
2, 3, 7, 109
List the prime factors of 11701.
11701
List the prime factors of 25324.
2, 13, 487
List the prime factors of 3889.
3889
List the prime factors of 42981.
3, 14327
What are the prime factors of 34477?
23, 1499
List the prime factors of 3478.
2, 37, 47
List the prime factors of 87660.
2, 3, 5, 487
What are the prime factors of 344?
2, 43
List the prime factors of 2191.
7, 313
What are the prime factors of 7402?
2, 3701
List the prime factors of 144708.
2, 3, 31, 389
List the prime factors of 664.
2, 83
List the prime factors of 2460.
2, 3, 5, 41
List the prime factors of 33735.
3, 5, 13, 173
What are the prime factors of 2688?
2, 3, 7
What are the prime factors of 109575?
3, 5, 487
What are the prime factors of 9349?
9349
List the prime factors of 728.
2, 7, 13
What are the prime factors of 11915?
5, 2383
List the prime factors of 1187.
1187
What are the prime factors of 1553?
1553
List the prime factors of 3798.
2, 3, 211
What are the prime factors of 87113?
13, 6701
What are the prime factors of 52157?
7, 7451
What are the prime factors of 118958?
2, 7, 29, 293
What are the prime factors of 16767?
3, 23
List the prime factors of 9841.
13, 757
What are the prime factors of 540?
2, 3, 5
What are the prime factors of 8916?
2, 3, 743
List the prime factors of 13651.
11, 17, 73
List the prime factors of 1679.
23, 73
What are the prime factors of 4909?
4909
What are the prime factors of 47391?
3, 15797
What are the prime factors of 4315?
5, 863
What are the prime factors of 1679?
23, 73
What are the prime factors of 97457?
41, 2377
List the prime factors of 17420.
2, 5, 13, 67
What are the prime factors of 3314?
2, 1657
What are the prime factors of 779?
19, 41
List the prime factors of 16490.
2, 5, 17, 97
What are the prime factors of 1493?
1493
What are the prime factors of 21060?
2, 3, 5, 13
List the prime factors of 449.
449
What are the prime factors of 2589?
3, 863
What are the prime factors of 545?
5, 109
List the prime factors of 12974.
2, 13, 499
What are the prime factors of 1357?
23, 59
What are the prime factors of 56481?
3, 67, 281
What are the prime factors of 899?
29, 31
What are the prime factors of 15380?
2